is v(z)?
6
Suppose -u - u = 0. Suppose 5 = 5*h - u. Let x(p) = -9*p**3 + p. Calculate x(h).
-8
Let d = 9 + -17. Let m(z) = 3*z + 5. Let u(c) = -2*c - 3. Let t(p) = d*u(p) - 5*m(p). Calculate t(-3).
-4
Let q = -13 - -19. Let j(k) = -k + 2. Determine j(q).
-4
Let y(x) be the second derivative of x**4/12 + x**3/3 - 2*x**2 + 26*x. Suppose -2*j = -7*j + 15. Suppose -4*w + 2*i - 33 = -9, 0 = w - j*i + 16. Calculate y(w).
4
Suppose -5*v + 3*k = -17, -3*v = -7*v + 2*k + 14. Let z(j) = -v*j + 4*j + 3 - 2 - j. Determine z(-2).
3
Let f(l) = -l**2 + 5*l - 1. Suppose 0 = 2*c - 0*c - 4. Suppose -c*u + 24 = h - 0*h, -5*h = -3*u + 10. Let w be (-2)/10 + 52/u. Calculate f(w).
-1
Let k(u) = 3*u - 2. Let w(d) = -3*d + 1. Let v(s) = -4*k(s) - 3*w(s). Determine v(5).
-10
Let s(p) = p**3 + 5*p**2 - 4*p - 1. Suppose 2*j = -j - 9. What is s(j)?
29
Let m = 37 + -15. Suppose -18 = -2*b + 3*k + 2*k, 5*b - m = k. Suppose b*q = 23 - 3. Let t(h) = h**3 - 6*h**2 + 5*h + 7. What is t(q)?
7
Let y(v) = -v**2 + 5*v + 1. Let o be y(5). Let l(a) = 3*a**3 - a**2 + 1. What is l(o)?
3
Let b(r) = 5*r**3 + 8*r**2 - 9*r + 5. Let k be 14/(-8) + (-2)/8. Let h(c) = -c**3 - 2*c**2 + 2*c - 1. Let i(u) = k*b(u) - 9*h(u). What is i(3)?
-10
Let g = -25 + 30. Let t(d) = 3 - 3*d + 2 + d. Determine t(g).
-5
Let v(y) = -y + y**2 + y - 2 - 5*y. Let k(t) = -t**3 - 4*t**2 - 3*t + 2. Let z be k(-3). Suppose -q + 15 = z*q. Calculate v(q).
-2
Suppose -x - 1 = -3. Suppose 2*w + z + x = -3, -2*z = -4*w - 30. Let r(t) = t**3 + 5*t**2 + t - 2. Give r(w).
-7
Suppose -1 - 19 = 5*c. Let o(z) be the first derivative of z**2 + 4*z + 2. Calculate o(c).
-4
Let f = -175 - -169. Let r(y) = -y**3 - 5*y**2 + 7*y + 8. Determine r(f).
2
Let b(u) = 3*u - 11. Let o be b(6). Let c(d) = o + 1 - 11 + 4 + 7*d. Determine c(-1).
-6
Let r be (2/(-5))/((-2)/10). Let x(t) = t + t + r*t**2 + 10*t**3 - t. Give x(-1).
-9
Suppose -4*l - 2*p = 14, -4 = -4*l + 6*l + 4*p. Let r(g) be the third derivative of g**5/60 + 5*g**4/24 - g**3/2 + 3*g**2. Calculate r(l).
-7
Let r(s) = s**2 - s - 2. Let z(b) = 2*b**2 - b - 4. Let p(t) = -7*r(t) + 3*z(t). Let h = 9 + -4. Calculate p(h).
-3
Let c(k) be the second derivative of k**5/5 - k**4/12 + k**2/2 + 13*k. Give c(-1).
-4
Let q(x) = -2*x**2 - 5*x - 3. Let y be 10/5*46/4. Suppose -2*v + 3 = y. Let d = v + 7. What is q(d)?
-6
Let h be 2*(5/(-10) + 0). Let v(f) be the third derivative of 1/8*f**4 - f**2 + 0*f + 0 + 1/6*f**3. Give v(h).
-2
Let z = -19 + 16. Let q(a) = -a**3 - 4*a**2 - a - 2. Give q(z).
-8
Let d be ((-8)/(-10))/(1/(-5)). Let n(y) = y**3 + 6*y**2 - y - 4. Let h be n(-6). Let c(j) = -2*j**2 + 3*j**h + 17 - 12 + 4*j. Calculate c(d).
5
Let n = -6 - -9. Suppose -2*i - n*i - 25 = 0. Let s(w) = w**3 - 3*w**2 - 1 + w + 8*w**2 + 0. Give s(i).
-6
Let f = -5 - -1. Let u(c) be the third derivative of -1/3*c**3 - 1/24*c**4 + 0 + 3*c**2 + 0*c. What is u(f)?
2
Let v(n) = -7*n + 20 - 5*n**2 + 4*n**3 - 12 - 3*n**3. Suppose 9 = 4*q - 15. Calculate v(q).
2
Let c(o) = 2*o. Let i(k) = 3*k**2 + 4*k + 2. Let b be i(-2). Let l = b - -10. Suppose 0 = -4*v + x + 14, 2*v + 2*x + l = 7*v. Determine c(v).
8
Let l be 3*1*(-55)/(-33). Let h(a) = -2*a + 6. Calculate h(l).
-4
Suppose 0 = -l - 0 + 3. Suppose 0 = -l*a + 2*s + 18, a + s - 2 = -1. Let u(f) = -f - 2. Determine u(a).
-6
Let x(v) = -8*v**2 + v. Suppose 0 = 4*c + 6 + 2. Let a be ((-3)/12)/(c/8). Determine x(a).
-7
Let k(g) = -g**3 + 5*g**2 - 4*g. Let u(x) = -4*x + 3*x + 0*x + x**3. Let f be u(-1). Suppose -3*t + 21 = 4*h - h, f = 4*t - 2*h - 10. Give k(t).
0
Let v = -5 - -10. Let a(w) = -w + 6. Give a(v).
1
Let l(m) = 32*m**2 + 5*m - 5. Let d(s) = 11*s**2 + 2*s - 2. Let j(o) = 8*d(o) - 3*l(o). Calculate j(1).
-8
Let q(b) = -b**2 + 6*b - 6. Suppose 2*l + 2*i - 22 = 0, -l + 7 + 19 = 4*i. Give q(l).
-6
Let u = -25 + 24. Let g(q) = 2*q**3 + 2*q**2 - 1. What is g(u)?
-1
Let n = 10 + -7. Let h(t) = -t. Let l(i) = 2*i - 1. Let p(s) = n*l(s) + 4*h(s). Give p(2).
1
Suppose 5*o + 12 = o. Let j(k) = -k**2 - 3*k - 4. Calculate j(o).
-4
Suppose -3*k - n = -4*n, -n - 4 = 3*k. Let b(a) = a + 1. Give b(k).
0
Let l(d) = d**3 + 3*d**2 - 3*d - 4. Let u be l(2). Let a(i) = -i**2 + 12*i - 13. What is a(u)?
7
Suppose 0 = -5*l, 4*l - 6*l - 2 = t. Let x(i) = 2*i. Determine x(t).
-4
Let l(w) = -w**2 + 8*w - 6. Let d = 144 - 139. Calculate l(d).
9
Let d(w) = -3*w - 1. Suppose -3*r + 16 = 4*x, 3*x = 5*x + 5*r + 6. Let t be (-38)/(-14) - (-2)/x. Let q be -1 + (t - 3) - 1. Calculate d(q).
5
Suppose 0 = -2*s - s + 15. Suppose 0 = -2*q - 2 + 10, 0 = s*o - 2*q - 17. Let a(t) = -3 - 3 + t + t. Determine a(o).
4
Suppose -5*u - 4 = -u. Let d = u - -3. Let a(c) = -2 + d - 8*c + 1. Determine a(-1).
9
Let t(v) = v**3 - 4*v**2 - 4*v + 1. Suppose u = 4*u. Suppose 3*a + 10 = 5*h, -2*h + u*h - 5 = -3*a. Calculate t(a).
6
Let z(c) = -c**2 + 11*c - 9. Let v = -61 + 67. What is z(v)?
21
Let t(c) = c**3 - 9*c**2 + 10*c - 9. Suppose 3*n - 20 = -7*g + 3*g, -3*g + 21 = 3*n. What is t(n)?
7
Suppose 3*x + 2 - 14 = 0. Let z(p) = p - 4. Determine z(x).
0
Let j(t) = -t**3 - t**2 - 1. Let r(h) = h**3 + 3*h**2 + h + 11. Let s(y) = 2*j(y) + r(y). Calculate s(0).
9
Let c(a) = a - 9. Let f(k) = 8. Let n(j) = 6*c(j) + 7*f(j). Give n(-3).
-16
Let y be ((-1)/(-2)*-4)/(1/2). Let n(f) = f**3 + 4*f**2 + 4*f + 6. What is n(y)?
-10
Let n = 11 + -6. Let a(o) = o**3 - 5*o**2 - o + 7. Determine a(n).
2
Let q(v) be the second derivative of -v**5/20 + v**4/6 + v**3 - v**2/2 - v. Suppose -5*j = 5*t - t - 31, 29 = 5*t + 3*j. Calculate q(t).
-9
Suppose -q - 6 - 3 = 0. Let v = -4 - q. Let b(n) be the second derivative of -n**4/12 + 4*n**3/3 - 7*n**2/2 + n. Determine b(v).
8
Let i(n) = -7*n + 6. Let p be 2/((-3)/2 + 2). Let s(v) = -6*v + 5. Let m(o) = p*i(o) - 5*s(o). Determine m(2).
3
Let j be (-12)/(-8) - 45/6. Let c be ((-12)/(-10))/(6/15). Let b(y) = y - c*y + 7 - 15. What is b(j)?
4
Let y(i) = i - 1. Suppose -6*b - 31 + 1 = 0. Give y(b).
-6
Let s(r) = r + 1. Let w(z) = z**2 - 14*z - 5. Let k(o) = -2*s(o) - w(o). Let c be k(12). Let u(d) = -d**2 + 2. Determine u(c).
-7
Let b(j) = -j**2 + 3. Suppose 3*f - 7 = 5. Suppose v = -f*v. Determine b(v).
3
Let a(p) = -p**3 - 2*p**2 + 9*p - 2. Let m(i) = -i + 1. Let c(g) = a(g) + 4*m(g). What is c(-4)?
14
Let c(y) = -y**3 + 1. Let k = 13 - 21. Let h(m) = -m**2 - 7*m + 8. Let w be h(k). Determine c(w).
1
Let s = 2 - 22. Let t = -23 - s. Let z(m) = -1 - 2*m - 3 + 1. Give z(t).
3
Suppose -5*y = -10*y - 40. Let j = y - -15. Let c(k) = -k**3 + 7*k**2 + k - 1. Calculate c(j).
6
Let f be 5/(15/(-9)) + -1. Let w be -3 + 2 - (f - -3). Let v(y) = -3 - y + 0 + w + y**2 + 0. Calculate v(3).
3
Let v(r) = -r**3 - 8*r**2 - 9*r - 10. Suppose a + 3*s + 5 = 0, 5*s + 20 - 5 = 0. Suppose a = -2*h + 5*g, 2*h - g - g = -10. What is v(h)?
4
Let h be -1*(-2 + 1 + -3). Let t be 2/h*-2 + -3. Let d(a) = 0 - a**2 - 8*a + 3*a - 5. Calculate d(t).
-1
Let c(n) = -5*n + 1. Suppose -4 = 4*p + 4. What is c(p)?
11
Let m(c) = 2*c - 4. Let d be m(7). Let a be (-9)/(-15) - (-14)/d. Let g(b) = -b**2 + b**3 + 4*b**a + 3 + 0*b**2 + 2*b. Give g(-2).
3
Suppose -2*z = a + 20, 4*z + 60 = -4*a + z. Let b(w) = -w - 12. Calculate b(a).
0
Let v(w) = -w - 6. Suppose -d = 3*n + 25, n + d + 4*d + 27 = 0. Let u be 35/10*(-12)/n. Determine v(u).
-12
Let g be (-3 + (-2 - -6))/(-1). Let v be (-5 + 3)*g + -1. Let r(n) be the first derivative of -5*n**2/2 - n + 2. Give r(v).
-6
Let f(g) be the second derivative of 3*g + g**2 - 1/12*g**4 - 1/6*g**3 + 0. Calculate f(0).
2
Let m(w) = 3*w**2 + 4 + w + 0*w**2 + w**3 + 2*w**2 - 2*w**2. Let z = 4 - 6. Let g be -1 - 1 - z/(-2). Calculate m(g).
1
Let u(a) = -2*a + a**3 - 3*a**2 - 7*a + 8 - 5*a**2 + 3*a**2. Let b be (9/(-5))/(3/(-10)). What is u(b)?
-10
Suppose -2*w + 8 = 2*w. Let d(a) = -5*a**2 + 1. Let h(o) = -11*o**2 + 2. Let r(k) = 5*d(k) - 2*h(k). What is r(w)?
-11
Let u(y) be the first derivative of -y**3/3 - 7*y**2/2 + 2*y - 22. Give u(-6).
8
Let b = -6 + 7. Let f(c) be the third derivative of -c**5/6 + c**4/24 + c**2. Give f(b).
-9
Let s(u) = 2*u + 9. Let k = 45 - 51. Determine s(k).
-3
Suppose 5*c - 4 - 6 = 0. Let f(x) = -3*x + 2. Let d be f(c). Let y = d + 2. Let n(r) = -r**2 - 2*r - 1. Determine n(y).
-1
Let s(u) = -2*u**2 - 2*u + 4. Let f(z) = 2*z**3 - 17*z**2 - 11*z + 21. Let p be f(9). Wha